{"id":2000,"date":"2026-03-02T20:27:36","date_gmt":"2026-03-02T19:27:36","guid":{"rendered":"https:\/\/theeditking.fr\/?page_id=2000"},"modified":"2026-03-03T09:50:35","modified_gmt":"2026-03-03T08:50:35","slug":"single-51-somethings-wrong","status":"publish","type":"page","link":"https:\/\/theeditking.fr\/index.php\/single-51-somethings-wrong\/","title":{"rendered":"Single 51 Something&rsquo;s Wrong"},"content":{"rendered":"\n<p>On friday, febuary 27th 2026, \u00ab&nbsp;Something\u2019s Wrong&nbsp;\u00bb the 1st single taken from the soon coming 10th album : \u00ab&nbsp;RED SUN&nbsp;\u00bb was released.<\/p>\n\n\n\n<figure class=\"wp-block-image size-large\"><img loading=\"lazy\" decoding=\"async\" width=\"1024\" height=\"1024\" src=\"https:\/\/theeditking.fr\/wp-content\/uploads\/2026\/03\/folder-1024x1024.jpg\" alt=\"\" class=\"wp-image-2001\" srcset=\"https:\/\/theeditking.fr\/wp-content\/uploads\/2026\/03\/folder-1024x1024.jpg 1024w, https:\/\/theeditking.fr\/wp-content\/uploads\/2026\/03\/folder-300x300.jpg 300w, https:\/\/theeditking.fr\/wp-content\/uploads\/2026\/03\/folder-150x150.jpg 150w, https:\/\/theeditking.fr\/wp-content\/uploads\/2026\/03\/folder-768x768.jpg 768w, https:\/\/theeditking.fr\/wp-content\/uploads\/2026\/03\/folder-1536x1536.jpg 1536w, https:\/\/theeditking.fr\/wp-content\/uploads\/2026\/03\/folder-2048x2048.jpg 2048w, https:\/\/theeditking.fr\/wp-content\/uploads\/2026\/03\/folder-1200x1200.jpg 1200w, https:\/\/theeditking.fr\/wp-content\/uploads\/2026\/03\/folder-1980x1980.jpg 1980w\" sizes=\"auto, (max-width: 1024px) 100vw, 1024px\" \/><\/figure>\n\n\n\n<p>It contains the following tracks : <\/p>\n\n\n\n<p>01. SOMETHING&rsquo;S WRONG remix 3:47<br>02. ARE YOU ALRIGHT ? 4:02<br>03. SOMETHING&rsquo;S WRONG extended dance mix 7:00<\/p>\n\n\n\n<p>First single and first track that starts the 10th album, \u00ab&nbsp;Something\u2019s Wrong&nbsp;\u00bb is very dramatic, very 80&rsquo;s industrial sounding track. It was inspired by Depeche Mode 3rd and 4th album with their industrial and experimental sound \u00ab&nbsp;Construction Time Again&nbsp;\u00bb and \u00ab&nbsp;Some Great Reward&nbsp;\u00bb.<\/p>\n\n\n\n<p>I would say I managed to achieve this kind of excellence but at least, I tried to and that was clearly my goal. The beautiful sounds came from the software Serum by Xfer Records : first time I tried it and boy what a wonderful result.<\/p>\n\n\n\n<p>The 7 minute extended dance mix is epic and I loved making it \u00ab\u00a0Something\u2019s Wrong\u00a0\u00bb having great sounds and powerful drums, I loved playing with them a little bit.<\/p>\n\n\n\n<p>There is a 6 minutes version that might be released at a later date. At first there was not going to be a single remix but more than a year after the album version I made one with just a few alterations. The 6 minutes extended remix takes advantage of the single remix alterations.<\/p>\n\n\n\n<p>For this 10th album \u00ab\u00a0RED SUN\u00a0\u00bb which will be released shortly, I didn&rsquo;t just wrote 11 tracks, I wrote 16. 5 of them will feature on the 5 singles to come, taken from this album. <\/p>\n\n\n\n<p>\u00ab\u00a0Are You Alright ?\u00a0\u00bb is one of the extra 5 tracks. It was made right from the start specifically to be the extra-track of the \u00ab\u00a0Something\u2019s Wrong\u00a0\u00bb&rsquo;s single.<\/p>\n\n\n\n<p>I thought it was funny to ask \u00ab\u00a0Are You Alright ?\u00a0\u00bb right after \u00ab\u00a0Something\u2019s Wrong\u00a0\u00bb. It makes sense, you know, ah ah.<\/p>\n\n\n\n<p>This 3-track single is available to hear or buy on my Bandcamp page : <\/p>\n\n\n\n<p><a href=\"https:\/\/theeditking.bandcamp.com\/album\/somethings-wrong-single-51-2\">https:\/\/theeditking.bandcamp.com\/album\/somethings-wrong-single-51-2<\/a><\/p>\n\n\n\n<p>as well as on all major streaming and download sites like Spotify, Deezer, Apple music, the Amazon sites, Youtube, etc. : <\/p>\n\n\n\n<p><a href=\"https:\/\/ditto.fm\/something-s-wrong\">https:\/\/ditto.fm\/something-s-wrong<\/a><\/p>\n\n\n\n<p>&#8211; &#8211; &#8211; &#8211; &#8211; &#8211; &#8211; &#8211; &#8211; &#8211; &#8211; &#8211; &#8211; &#8211; &#8211; FRENCH TRANSLATION &#8211; &#8211; &#8211; &#8211; &#8211; &#8211; &#8211; &#8211; &#8211;<\/p>\n\n\n\n<p>Le vendredi 27 f\u00e9vrier 2026, \u00ab&nbsp;Something\u2019s Wrong&nbsp;\u00bb, le 1er extrait du 10\u00e8me album \u00ab&nbsp;RED SUN&nbsp;\u00bb est sorti.<\/p>\n\n\n\n<figure class=\"wp-block-image size-large\"><img loading=\"lazy\" decoding=\"async\" width=\"1024\" height=\"1024\" src=\"https:\/\/theeditking.fr\/wp-content\/uploads\/2026\/03\/folder-1024x1024.jpg\" alt=\"\" class=\"wp-image-2001\" srcset=\"https:\/\/theeditking.fr\/wp-content\/uploads\/2026\/03\/folder-1024x1024.jpg 1024w, https:\/\/theeditking.fr\/wp-content\/uploads\/2026\/03\/folder-300x300.jpg 300w, https:\/\/theeditking.fr\/wp-content\/uploads\/2026\/03\/folder-150x150.jpg 150w, https:\/\/theeditking.fr\/wp-content\/uploads\/2026\/03\/folder-768x768.jpg 768w, https:\/\/theeditking.fr\/wp-content\/uploads\/2026\/03\/folder-1536x1536.jpg 1536w, https:\/\/theeditking.fr\/wp-content\/uploads\/2026\/03\/folder-2048x2048.jpg 2048w, https:\/\/theeditking.fr\/wp-content\/uploads\/2026\/03\/folder-1200x1200.jpg 1200w, https:\/\/theeditking.fr\/wp-content\/uploads\/2026\/03\/folder-1980x1980.jpg 1980w\" sizes=\"auto, (max-width: 1024px) 100vw, 1024px\" \/><\/figure>\n\n\n\n<p>Il comprend les titres suivants : <\/p>\n\n\n\n<p>01. SOMETHING&rsquo;S WRONG remix 3:47<br>02. ARE YOU ALRIGHT ? 4:02<br>03. SOMETHING&rsquo;S WRONG extended dance mix 7:00<\/p>\n\n\n\n<p>Premier single et premier titre qui commence le 10\u00e8me album \u00ab&nbsp;Something\u2019s Wrong&nbsp;\u00bb est un titre dramatique au son ann\u00e9es 80 tr\u00e8s industriel qui m&rsquo;a \u00e9t\u00e9 inspir\u00e9 par les albums 3 et 4 de Depeche Mode \u00ab&nbsp;Contruction Time Again&nbsp;\u00bb et \u00ab&nbsp;Some Great Reward&nbsp;\u00bb.<\/p>\n\n\n\n<p>Bien s\u00fbr je ne dirais pas que j&rsquo;ai r\u00e9ussi \u00e0 m&rsquo;approcher de leur excellence mais au moins j&rsquo;ai essay\u00e9 et tel \u00e9tait mon but. Les tr\u00e8s beaux sons viennent du logiciel VST de musique appel\u00e9 Serum de la soci\u00e9t\u00e9 Xfer Records. C&rsquo;est ma premi\u00e8re fois dans ma musique que j&rsquo;utilise leurs sons et mec, le r\u00e9sultat est juste magnifique.<\/p>\n\n\n\n<p>La version extended dance mix de 7 minutes est absolument \u00e9pique. \u00ab\u00a0Something\u2019s Wrong\u00a0\u00bb ayant des sons incroyables et une batterie puissante, j&rsquo;ai ador\u00e9 m&rsquo;amuser un peu avec.<\/p>\n\n\n\n<p>Il existe aussi un remix de 6 minutes qui sortira sans doute un peu plus tard. Au d\u00e9part je ne pensais pas faire une version single diff\u00e9rente mais un an apr\u00e8s avoir compos\u00e9 la version album j&rsquo;ai fait une nouvelle version courte avec quelques petites diff\u00e9rences. La version longue de 6 minutes comporte \u00e9galement ces petites diff\u00e9rences de la version single remix.<\/p>\n\n\n\n<p>Pour ce 10\u00e8me album \u00ab\u00a0RED SUN\u00a0\u00bb \u00e0 para\u00eetre prochainement je ne me suis pas content\u00e9 d&rsquo;\u00e9crire les 11 titres qui le composent, j&rsquo;ai d&#8217;embl\u00e9e \u00e9crit 16 morceaux dont les 5 morceaux restants figureront sur les 5 singles \u00e0 paraitre extraits de cet album.<\/p>\n\n\n\n<p>\u00ab\u00a0Are You Alright\u00a0\u00bb est un de ces 5 titres. Il a \u00e9t\u00e9 \u00e9crit d&#8217;embl\u00e9e pour \u00eatre la face B de \u00ab\u00a0Something\u2019s Wrong\u00a0\u00bb. En plus je trouvais dr\u00f4le et logique qu&rsquo;apr\u00e8s un titre qui s&rsquo;appelle \u00ab\u00a0Something\u2019s Wrong\u00a0\u00bb (quelque chose ne va pas) de demander dans le morceau suivant \u00ab\u00a0Are You Alright ?\u00a0\u00bb (est-ce que \u00e7a va ?), ah ah.<\/p>\n\n\n\n<p>Ce single 3 titres est disponible \u00e0 l&rsquo;\u00e9coute ou \u00e0 l&rsquo;achat sur ma page Bandcamp :<\/p>\n\n\n\n<p><a href=\"https:\/\/theeditking.bandcamp.com\/album\/somethings-wrong-single-51-2\">https:\/\/theeditking.bandcamp.com\/album\/somethings-wrong-single-51-2<\/a><\/p>\n\n\n\n<p>ainsi que sur la plupart des sites d&rsquo;\u00e9coutes et de t\u00e9l\u00e9chargements l\u00e9gaux tels que Spotify, Deezer, Apple music, les sites d&rsquo;Amazon, Youtube, etc. :<\/p>\n\n\n\n<p><a href=\"https:\/\/ditto.fm\/something-s-wrong\">https:\/\/ditto.fm\/something-s-wrong<\/a><\/p>\n","protected":false},"excerpt":{"rendered":"<p>On friday, febuary 27th 2026, \u00ab&nbsp;Something\u2019s Wrong&nbsp;\u00bb the 1st single taken from the soon coming 10th album : \u00ab&nbsp;RED SUN&nbsp;\u00bb was released. It contains the following tracks : 01. SOMETHING&rsquo;S WRONG remix 3:4702. ARE YOU ALRIGHT ? 4:0203. SOMETHING&rsquo;S WRONG extended dance mix 7:00 First single and first track that starts the 10th album, \u00ab&nbsp;Something\u2019s [&hellip;]<\/p>\n","protected":false},"author":1,"featured_media":0,"parent":0,"menu_order":0,"comment_status":"closed","ping_status":"closed","template":"","meta":{"footnotes":""},"class_list":["post-2000","page","type-page","status-publish","hentry"],"_links":{"self":[{"href":"https:\/\/theeditking.fr\/index.php\/wp-json\/wp\/v2\/pages\/2000","targetHints":{"allow":["GET"]}}],"collection":[{"href":"https:\/\/theeditking.fr\/index.php\/wp-json\/wp\/v2\/pages"}],"about":[{"href":"https:\/\/theeditking.fr\/index.php\/wp-json\/wp\/v2\/types\/page"}],"author":[{"embeddable":true,"href":"https:\/\/theeditking.fr\/index.php\/wp-json\/wp\/v2\/users\/1"}],"replies":[{"embeddable":true,"href":"https:\/\/theeditking.fr\/index.php\/wp-json\/wp\/v2\/comments?post=2000"}],"version-history":[{"count":3,"href":"https:\/\/theeditking.fr\/index.php\/wp-json\/wp\/v2\/pages\/2000\/revisions"}],"predecessor-version":[{"id":2004,"href":"https:\/\/theeditking.fr\/index.php\/wp-json\/wp\/v2\/pages\/2000\/revisions\/2004"}],"wp:attachment":[{"href":"https:\/\/theeditking.fr\/index.php\/wp-json\/wp\/v2\/media?parent=2000"}],"curies":[{"name":"wp","href":"https:\/\/api.w.org\/{rel}","templated":true}]}}